425 and 50.
25
What is the greatest common factor of 340 and 7990?
170
What is the highest common divisor of 17 and 629?
17
Calculate the highest common factor of 592 and 16.
16
Calculate the highest common divisor of 33 and 11748.
33
Calculate the greatest common divisor of 436 and 4.
4
Calculate the greatest common divisor of 236 and 8614.
118
Calculate the greatest common factor of 238 and 306.
34
What is the greatest common divisor of 4 and 71?
1
Calculate the highest common divisor of 119 and 71876.
119
What is the highest common factor of 595 and 1445?
85
Calculate the greatest common factor of 32 and 1272.
8
Calculate the greatest common divisor of 528 and 12496.
176
What is the greatest common factor of 3366 and 990?
198
Calculate the highest common divisor of 180 and 3180.
60
Calculate the greatest common divisor of 16245 and 95.
95
What is the highest common divisor of 44 and 124?
4
Calculate the greatest common factor of 16 and 2588.
4
What is the highest common divisor of 169 and 5876?
13
What is the highest common divisor of 24 and 3?
3
Calculate the highest common divisor of 28 and 42.
14
What is the greatest common factor of 132 and 1155?
33
What is the highest common divisor of 3 and 33?
3
Calculate the greatest common factor of 34 and 4.
2
Calculate the highest common factor of 35 and 665.
35
Calculate the greatest common factor of 30 and 6318.
6
Calculate the greatest common divisor of 768 and 168.
24
What is the greatest common factor of 28 and 120092?
28
What is the greatest common factor of 136 and 16?
8
Calculate the highest common divisor of 27 and 423.
9
What is the highest common divisor of 73 and 4891?
73
What is the highest common divisor of 190 and 23750?
190
What is the greatest common divisor of 220 and 990?
110
What is the highest common factor of 172 and 8?
4
What is the greatest common divisor of 1827 and 63?
63
What is the greatest common divisor of 1053 and 81?
81
What is the highest common divisor of 45 and 405?
45
What is the greatest common divisor of 14136 and 620?
124
What is the highest common divisor of 2940 and 182?
14
What is the highest common factor of 650 and 6?
2
Calculate the highest common divisor of 36 and 2376.
36
What is the greatest common factor of 32 and 928?
32
What is the highest common divisor of 128 and 1216?
64
Calculate the highest common divisor of 9 and 12.
3
Calculate the highest common divisor of 21 and 41979.
21
Calculate the highest common factor of 121 and 1573.
121
What is the greatest common divisor of 13 and 2041?
13
Calculate the greatest common divisor of 594 and 132.
66
What is the highest common divisor of 1834 and 35?
7
What is the highest common divisor of 390 and 20?
10
Calculate the highest common divisor of 60 and 780.
60
Calculate the highest common divisor of 274 and 9727.
137
What is the highest common divisor of 256 and 1?
1
What is the greatest common factor of 402 and 6?
6
What is the highest common divisor of 70 and 18795?
35
Calculate the greatest common divisor of 45 and 125.
5
What is the highest common factor of 34 and 66334?
34
Calculate the highest common factor of 116 and 145.
29
What is the greatest common factor of 24 and 1776?
24
Calculate the greatest common factor of 9 and 561.
3
What is the greatest common factor of 36 and 126?
18
What is the greatest common divisor of 4275 and 1800?
225
What is the highest common factor of 225 and 315?
45
Calculate the greatest common factor of 18 and 342.
18
What is the greatest common factor of 40242 and 114?
114
What is the highest common divisor of 12 and 1920?
12
What is the greatest common factor of 1927 and 47?
47
Calculate the greatest common factor of 9 and 1359.
9
Calculate the highest common factor of 432 and 16.
16
Calculate the highest common factor of 4 and 100.
4
What is the highest common divisor of 52 and 546?
26
Calculate the highest common divisor of 19153 and 107.
107
Calculate the greatest common factor of 368 and 621.
23
Calculate the highest common divisor of 3 and 2217.
3
Calculate the greatest common factor of 410 and 1394.
82
What is the greatest common factor of 41448 and 528?
264
What is the greatest common divisor of 26 and 7696?
26
What is the highest common factor of 75044 and 292?
292
What is the highest common factor of 894 and 48?
6
Calculate the greatest common divisor of 551 and 493.
29
What is the greatest common divisor of 10 and 10995?
5
What is the highest common factor of 32 and 224?
32
What is the greatest common factor of 609 and 63?
21
What is the highest common divisor of 27 and 1341?
9
What is the greatest common factor of 325 and 26?
13
Calculate the highest common divisor of 4 and 12.
4
What is the greatest common divisor of 220 and 720?
20
What is the highest common divisor of 100 and 200?
100
What is the greatest common factor of 14472 and 432?
216
What is the highest common divisor of 11653 and 1897?
271
Calculate the greatest common divisor of 16 and 124.
4
What is the greatest common divisor of 18476 and 372?
124
Calculate the highest common factor of 4711 and 35.
7
Calculate the highest common factor of 103 and 927.
103
What is the highest common divisor of 1651 and 26?
13
Calculate the highest common divisor of 500 and 60.
20
Calculate the highest common factor of 154 and 14.
14
Calculate the highest common divisor of 209 and 33.
11
Calculate the highest common divisor of 110 and 8520.
10
What is the highest common factor of 42 and 266?
14
Calculate the highest common divisor of 1 and 200.
1
Calculate the greatest common factor of 355 and 445.
5
What is the greatest common divisor of 33 and 17039?
11
What is the highest common divisor of 168 and 240?
24
What is the greatest common divisor of 1054 and 34?
34
What is the greatest common factor of 10 and 100?
10
What is the highest common factor of 49215 and 15?
15
Calculate the highest common factor of 184 and 8.
8
What is the highest common divisor of 232 and 8?
8
What is the highest common factor of 8 and 54?
2
Calculate the greatest common divisor of 735 and 42.
21
What is the greatest common divisor of 5974 and 116?
58
Calculate the highest common factor of 157 and 69551.
157
Calculate the highest common factor of 96 and 32.
32
What is the greatest common divisor of 135 and 1845?
45
Calculate the greatest common divisor of 5738 and 151.
151
What is the greatest common factor of 1528 and 24?
8
Calculate the greatest common divisor of 980 and 1764.
196
What is the highest common divisor of 42 and 1869?
21
What is the highest common factor of 85 and 5?
5
What is the greatest common divisor of 325 and 143?
13
What is the greatest common divisor of 261 and 27?
9
Calculate the greatest common factor of 16 and 912.
16
What is the greatest common divisor of 14 and 10913?
7
Calculate the highest common factor of 154 and 341.
11
What is the highest common factor of 192 and 416?
32
Calculate the greatest common divisor of 970 and 10.
10
What is the highest common divisor of 1054 and 238?
34
Calculate the highest common divisor of 783 and 29.
29
Calculate the highest common factor of 72 and 342.
18
What is the highest common factor of 162 and 1215?
81
What is the highest common divisor of 220 and 550?
110
Calculate the highest common factor of 226 and 2.
2
What is the highest common factor of 1127 and 2093?
161
Calculate the highest common factor of 432 and 456.
24
What is the greatest common factor of 5 and 5765?
5
Calculate the highest common divisor of 6 and 186.
6
What is the greatest common factor of 29 and 1?
1
Calculate the greatest common factor of 655 and 10.
5
Calculate the greatest common divisor of 63 and 84.
21
Calculate the highest common divisor of 2187 and 90.
9
Calculate the greatest common divisor of 195 and 75.
15
Calculate the greatest common factor of 244 and 28.
4
What is the highest common divisor of 7 and 196?
7
What is the greatest common factor of 99 and 33?
33
Calculate the highest common factor of 3782 and 62.
62
What is the highest common divisor of 64 and 16832?
64
What is the greatest common factor of 8375 and 375?
125
Calculate the greatest common factor of 8 and 488.
8
Calculate the greatest common divisor of 19320 and 480.
120
What is the greatest common factor of 210 and 945?
